{"id":184,"date":"2020-04-26T15:51:22","date_gmt":"2020-04-26T15:51:22","guid":{"rendered":"https:\/\/www.oilfieldmx.com\/catalogo\/?post_type=product&#038;p=184"},"modified":"2020-04-26T15:51:22","modified_gmt":"2020-04-26T15:51:22","slug":"aspiradora-14g-ridgid-seco-mojado-6-hp-120v-vacuum-cleaner-14-gallons-120v","status":"publish","type":"product","link":"https:\/\/www.oilfieldmx.com\/catalogo\/product\/aspiradora-14g-ridgid-seco-mojado-6-hp-120v-vacuum-cleaner-14-gallons-120v\/","title":{"rendered":"Aspiradora 14G ridgid seco-mojado 6 hp 120V \u2013 Vacuum Cleaner 14 Gallons 120V"},"content":{"rendered":"","protected":false},"excerpt":{"rendered":"<p><strong>Desc: \u00a0<\/strong>Aspiradora 14 galones ridgid seco-mojado 6hp 120V \u2013 Vacuum Cleaner 14 Gallons 120V, 6HP ridgid<\/p>\n<p>Especificaciones<\/p>\n<p>Tama\u00f1o del tambor (galones): 14 (53 litros)<\/p>\n<p>Longitud del cable:\u00a0 20 pies (6 m)<\/p>\n<p>Tama\u00f1o de los accesorios: 2 1\/2 pulg.<\/p>\n<p>Peso neto: 26 lb (11,8 kg)<\/p>\n<p>Almacenamiento de accesorios incorporado: S\u00ed<\/p>\n<p>Desag\u00fce incorporado: S\u00ed<\/p>\n<p>Ruedas: S\u00ed<\/p>\n<p>Incluye: \u00a0Aspiradora, boquilla para l\u00edquidos, boquilla de uso general, boquilla para autom\u00f3vil, manguera, 2 varillas de extensi\u00f3n, filtro<\/p>\n<p>Tipo de filtro:\u00a0\u00a0\u00a0 Cartucho<\/p>\n<p>Filtro incluido: VF5000<\/p>\n<p>Aprobada por UL: S\u00ed<\/p>\n<p>MOTOR: Potencia m\u00e1xima (HP) 6<\/p>\n<p><strong>PN:<\/strong> WD1450MRT<\/p>\n<p><strong>Disponible\/Available:<\/strong> 1 pcs<\/p>\n<p><strong>Condici\u00f3n\/Condition:<\/strong> Nuevo\/New<\/p>\n","protected":false},"featured_media":186,"template":"","meta":[],"product_brand":[],"product_cat":[15],"product_tag":[],"class_list":{"0":"post-184","1":"product","2":"type-product","3":"status-publish","6":"product_cat-herramientas","8":"first","9":"instock","10":"shipping-taxable","11":"product-type-simple"},"_links":{"self":[{"href":"https:\/\/www.oilfieldmx.com\/catalogo\/wp-json\/wp\/v2\/product\/184","targetHints":{"allow":["GET"]}}],"collection":[{"href":"https:\/\/www.oilfieldmx.com\/catalogo\/wp-json\/wp\/v2\/product"}],"about":[{"href":"https:\/\/www.oilfieldmx.com\/catalogo\/wp-json\/wp\/v2\/types\/product"}],"wp:featuredmedia":[{"embeddable":true,"href":"https:\/\/www.oilfieldmx.com\/catalogo\/wp-json\/wp\/v2\/media\/186"}],"wp:attachment":[{"href":"https:\/\/www.oilfieldmx.com\/catalogo\/wp-json\/wp\/v2\/media?parent=184"}],"wp:term":[{"taxonomy":"product_brand","embeddable":true,"href":"https:\/\/www.oilfieldmx.com\/catalogo\/wp-json\/wp\/v2\/product_brand?post=184"},{"taxonomy":"product_cat","embeddable":true,"href":"https:\/\/www.oilfieldmx.com\/catalogo\/wp-json\/wp\/v2\/product_cat?post=184"},{"taxonomy":"product_tag","embeddable":true,"href":"https:\/\/www.oilfieldmx.com\/catalogo\/wp-json\/wp\/v2\/product_tag?post=184"}],"curies":[{"name":"wp","href":"https:\/\/api.w.org\/{rel}","templated":true}]}}